{"id":4776,"date":"2015-04-19T03:34:10","date_gmt":"2015-04-19T03:34:10","guid":{"rendered":"https:\/\/tudicofusi.com\/web\/?page_id=4776"},"modified":"2015-04-19T16:28:04","modified_gmt":"2015-04-19T16:28:04","slug":"portfolio-2","status":"publish","type":"page","link":"https:\/\/tudicofusi.com\/?page_id=4776","title":{"rendered":"Portfolio"},"content":{"rendered":"<div class=\"c12 end\"><ul class=\"portfolio-nav minimal\"><li class=\"filter\" data-filter=\"all\">All<\/li><li class=\"filter\" data-filter=\"APRESENTA\u00c7\u00d5ES\">APRESENTA\u00c7\u00d5ES<\/li><li class=\"filter\" data-filter=\"BRANDING\">BRANDING<\/li><li class=\"filter\" data-filter=\"EMBALAGEM\">EMBALAGEM<\/li><li class=\"filter\" data-filter=\"EVENTO\">EVENTO<\/li><li class=\"filter\" data-filter=\"IDENTIDADEVISUAL\">IDENTIDADE VISUAL<\/li><li class=\"filter\" data-filter=\"MATERIALGR\u00c1FICO\">MATERIAL GR\u00c1FICO<\/li><li class=\"filter\" data-filter=\"M\u00daSICA\">M\u00daSICA<\/li><li class=\"filter\" data-filter=\"PDV\">PDV<\/li><\/ul><\/div><\/div><div class=\"portfoliofull\"><ul id=\"portfolioinner\" class=\"p5\"><li class=\"mix IDENTIDADEVISUAL MATERIALGR\u00c1FICO\"><figure><a class=\"plink\" href=\"https:\/\/tudicofusi.com\/?portfolios=bem-sao-paulo\" ><img loading=\"lazy\" decoding=\"async\" width=\"800\" height=\"800\" src=\"https:\/\/tudicofusi.com\/wp-content\/uploads\/BEMSP_thumb.jpg\" class=\"attachment-large size-large wp-post-image\" alt=\"\" srcset=\"https:\/\/tudicofusi.com\/wp-content\/uploads\/BEMSP_thumb.jpg 800w, https:\/\/tudicofusi.com\/wp-content\/uploads\/BEMSP_thumb-768x768.jpg 768w, https:\/\/tudicofusi.com\/wp-content\/uploads\/BEMSP_thumb-433x433.jpg 433w\" sizes=\"auto, (max-width: 800px) 100vw, 800px\" \/><\/a><figcaption>Bem S\u00e3o Paulo<\/figcaption><\/figure><\/li><li class=\"mix IDENTIDADEVISUAL MATERIALGR\u00c1FICO\"><figure><a class=\"plink\" href=\"https:\/\/tudicofusi.com\/?portfolios=studio-iyengar-yoga\" ><img loading=\"lazy\" decoding=\"async\" width=\"800\" height=\"800\" src=\"https:\/\/tudicofusi.com\/wp-content\/uploads\/SIY_thumb-1.jpg\" class=\"attachment-large size-large wp-post-image\" alt=\"\" srcset=\"https:\/\/tudicofusi.com\/wp-content\/uploads\/SIY_thumb-1.jpg 800w, https:\/\/tudicofusi.com\/wp-content\/uploads\/SIY_thumb-1-768x768.jpg 768w, https:\/\/tudicofusi.com\/wp-content\/uploads\/SIY_thumb-1-433x433.jpg 433w\" sizes=\"auto, (max-width: 800px) 100vw, 800px\" \/><\/a><figcaption>Studio Iyengar Yoga<\/figcaption><\/figure><\/li><li class=\"mix BRANDING\"><figure><a class=\"plink\" href=\"https:\/\/tudicofusi.com\/?portfolios=buena-onda\" ><img loading=\"lazy\" decoding=\"async\" width=\"800\" height=\"800\" src=\"https:\/\/tudicofusi.com\/wp-content\/uploads\/bo_thumb.gif\" class=\"attachment-large size-large wp-post-image\" alt=\"\" \/><\/a><figcaption>Buena Onda<\/figcaption><\/figure><\/li><li class=\"mix MATERIALGR\u00c1FICO\"><figure><a class=\"plink\" href=\"https:\/\/tudicofusi.com\/?portfolios=calendario-logit\" ><img loading=\"lazy\" decoding=\"async\" width=\"800\" height=\"800\" src=\"https:\/\/tudicofusi.com\/wp-content\/uploads\/LOG_thumb.jpg\" class=\"attachment-large size-large wp-post-image\" alt=\"\" srcset=\"https:\/\/tudicofusi.com\/wp-content\/uploads\/LOG_thumb.jpg 800w, https:\/\/tudicofusi.com\/wp-content\/uploads\/LOG_thumb-768x768.jpg 768w, https:\/\/tudicofusi.com\/wp-content\/uploads\/LOG_thumb-433x433.jpg 433w\" sizes=\"auto, (max-width: 800px) 100vw, 800px\" \/><\/a><figcaption>Logit<\/figcaption><\/figure><\/li><li class=\"mix EVENTO\"><figure><a class=\"plink\" href=\"https:\/\/tudicofusi.com\/?portfolios=espaco-decora-finlandek\" ><img loading=\"lazy\" decoding=\"async\" width=\"800\" height=\"800\" src=\"https:\/\/tudicofusi.com\/wp-content\/uploads\/FLNK_thumb.jpg\" class=\"attachment-large size-large wp-post-image\" alt=\"\" srcset=\"https:\/\/tudicofusi.com\/wp-content\/uploads\/FLNK_thumb.jpg 800w, https:\/\/tudicofusi.com\/wp-content\/uploads\/FLNK_thumb-768x768.jpg 768w, https:\/\/tudicofusi.com\/wp-content\/uploads\/FLNK_thumb-433x433.jpg 433w\" sizes=\"auto, (max-width: 800px) 100vw, 800px\" \/><\/a><figcaption>Finlandek<\/figcaption><\/figure><\/li><li class=\"mix EVENTO\"><figure><a class=\"plink\" href=\"https:\/\/tudicofusi.com\/?portfolios=superliga\" ><img loading=\"lazy\" decoding=\"async\" width=\"800\" height=\"800\" src=\"https:\/\/tudicofusi.com\/wp-content\/uploads\/SL_thumb.jpg\" class=\"attachment-large size-large wp-post-image\" alt=\"\" srcset=\"https:\/\/tudicofusi.com\/wp-content\/uploads\/SL_thumb.jpg 800w, https:\/\/tudicofusi.com\/wp-content\/uploads\/SL_thumb-768x768.jpg 768w, https:\/\/tudicofusi.com\/wp-content\/uploads\/SL_thumb-433x433.jpg 433w\" sizes=\"auto, (max-width: 800px) 100vw, 800px\" \/><\/a><figcaption>Superliga<\/figcaption><\/figure><\/li><li class=\"mix APRESENTA\u00c7\u00d5ES\"><figure><a class=\"plink\" href=\"https:\/\/tudicofusi.com\/?portfolios=amata\" ><img loading=\"lazy\" decoding=\"async\" width=\"800\" height=\"800\" src=\"https:\/\/tudicofusi.com\/wp-content\/uploads\/am_thumb.jpg\" class=\"attachment-large size-large wp-post-image\" alt=\"\" srcset=\"https:\/\/tudicofusi.com\/wp-content\/uploads\/am_thumb.jpg 800w, https:\/\/tudicofusi.com\/wp-content\/uploads\/am_thumb-768x768.jpg 768w, https:\/\/tudicofusi.com\/wp-content\/uploads\/am_thumb-433x433.jpg 433w\" sizes=\"auto, (max-width: 800px) 100vw, 800px\" \/><\/a><figcaption>Amata<\/figcaption><\/figure><\/li><li class=\"mix IDENTIDADEVISUAL\"><figure><a class=\"plink\" href=\"https:\/\/tudicofusi.com\/?portfolios=4898\" ><img loading=\"lazy\" decoding=\"async\" width=\"800\" height=\"800\" src=\"https:\/\/tudicofusi.com\/wp-content\/uploads\/ct_thumb.jpg\" class=\"attachment-large size-large wp-post-image\" alt=\"\" srcset=\"https:\/\/tudicofusi.com\/wp-content\/uploads\/ct_thumb.jpg 800w, https:\/\/tudicofusi.com\/wp-content\/uploads\/ct_thumb-433x433.jpg 433w\" sizes=\"auto, (max-width: 800px) 100vw, 800px\" \/><\/a><figcaption>Cores da Terra<\/figcaption><\/figure><\/li><li class=\"mix BRANDING EMBALAGEM IDENTIDADEVISUAL\"><figure><a class=\"plink\" href=\"https:\/\/tudicofusi.com\/?portfolios=lajedo-do-ouro\" ><img loading=\"lazy\" decoding=\"async\" width=\"800\" height=\"800\" src=\"https:\/\/tudicofusi.com\/wp-content\/uploads\/lo_thumb.jpg\" class=\"attachment-large size-large wp-post-image\" alt=\"\" srcset=\"https:\/\/tudicofusi.com\/wp-content\/uploads\/lo_thumb.jpg 800w, https:\/\/tudicofusi.com\/wp-content\/uploads\/lo_thumb-768x768.jpg 768w, https:\/\/tudicofusi.com\/wp-content\/uploads\/lo_thumb-433x433.jpg 433w\" sizes=\"auto, (max-width: 800px) 100vw, 800px\" \/><\/a><figcaption>Lajedo do Ouro<\/figcaption><\/figure><\/li><li class=\"mix IDENTIDADEVISUAL\"><figure><a class=\"plink\" href=\"https:\/\/tudicofusi.com\/?portfolios=tenda-da-semente\" ><img loading=\"lazy\" decoding=\"async\" width=\"800\" height=\"800\" src=\"https:\/\/tudicofusi.com\/wp-content\/uploads\/tenda_thumb.jpg\" class=\"attachment-large size-large wp-post-image\" alt=\"\" srcset=\"https:\/\/tudicofusi.com\/wp-content\/uploads\/tenda_thumb.jpg 800w, https:\/\/tudicofusi.com\/wp-content\/uploads\/tenda_thumb-433x433.jpg 433w\" sizes=\"auto, (max-width: 800px) 100vw, 800px\" \/><\/a><figcaption>Tenda da Semente<\/figcaption><\/figure><\/li><li class=\"mix IDENTIDADEVISUAL MATERIALGR\u00c1FICO\"><figure><a class=\"plink\" href=\"https:\/\/tudicofusi.com\/?portfolios=4867\" ><img loading=\"lazy\" decoding=\"async\" width=\"800\" height=\"800\" src=\"https:\/\/tudicofusi.com\/wp-content\/uploads\/sambaqui_thumb.jpg\" class=\"attachment-large size-large wp-post-image\" alt=\"\" srcset=\"https:\/\/tudicofusi.com\/wp-content\/uploads\/sambaqui_thumb.jpg 800w, https:\/\/tudicofusi.com\/wp-content\/uploads\/sambaqui_thumb-433x433.jpg 433w\" sizes=\"auto, (max-width: 800px) 100vw, 800px\" \/><\/a><figcaption>Sambaqui<\/figcaption><\/figure><\/li><li class=\"mix EVENTO IDENTIDADEVISUAL\"><figure><a class=\"plink\" href=\"https:\/\/tudicofusi.com\/?portfolios=paladar\" ><img loading=\"lazy\" decoding=\"async\" width=\"800\" height=\"800\" src=\"https:\/\/tudicofusi.com\/wp-content\/uploads\/pal_thumb.jpg\" class=\"attachment-large size-large wp-post-image\" alt=\"\" srcset=\"https:\/\/tudicofusi.com\/wp-content\/uploads\/pal_thumb.jpg 800w, https:\/\/tudicofusi.com\/wp-content\/uploads\/pal_thumb-433x433.jpg 433w\" sizes=\"auto, (max-width: 800px) 100vw, 800px\" \/><\/a><figcaption>Paladar<\/figcaption><\/figure><\/li><li class=\"mix PDV\"><figure><a class=\"plink\" href=\"https:\/\/tudicofusi.com\/?portfolios=nickelodeon-turtles\" ><img loading=\"lazy\" decoding=\"async\" width=\"800\" height=\"800\" src=\"https:\/\/tudicofusi.com\/wp-content\/uploads\/nic_thumb.jpg\" class=\"attachment-large size-large wp-post-image\" alt=\"\" srcset=\"https:\/\/tudicofusi.com\/wp-content\/uploads\/nic_thumb.jpg 800w, https:\/\/tudicofusi.com\/wp-content\/uploads\/nic_thumb-433x433.jpg 433w\" sizes=\"auto, (max-width: 800px) 100vw, 800px\" \/><\/a><figcaption>Nickelodeon &#8211; Turtles<\/figcaption><\/figure><\/li><li class=\"mix PDV\"><figure><a class=\"plink\" href=\"https:\/\/tudicofusi.com\/?portfolios=nickelodeon-dora\" ><img loading=\"lazy\" decoding=\"async\" width=\"800\" height=\"800\" src=\"https:\/\/tudicofusi.com\/wp-content\/uploads\/nick_dora_thumb.jpg\" class=\"attachment-large size-large wp-post-image\" alt=\"\" srcset=\"https:\/\/tudicofusi.com\/wp-content\/uploads\/nick_dora_thumb.jpg 800w, https:\/\/tudicofusi.com\/wp-content\/uploads\/nick_dora_thumb-433x433.jpg 433w\" sizes=\"auto, (max-width: 800px) 100vw, 800px\" \/><\/a><figcaption>Nickelodeon &#8211; Dora<\/figcaption><\/figure><\/li><li class=\"mix IDENTIDADEVISUAL\"><figure><a class=\"plink\" href=\"https:\/\/tudicofusi.com\/?portfolios=mottor\" ><img loading=\"lazy\" decoding=\"async\" width=\"800\" height=\"800\" src=\"https:\/\/tudicofusi.com\/wp-content\/uploads\/mottor_thumb.jpg\" class=\"attachment-large size-large wp-post-image\" alt=\"\" srcset=\"https:\/\/tudicofusi.com\/wp-content\/uploads\/mottor_thumb.jpg 800w, https:\/\/tudicofusi.com\/wp-content\/uploads\/mottor_thumb-433x433.jpg 433w\" sizes=\"auto, (max-width: 800px) 100vw, 800px\" \/><\/a><figcaption>Mottor<\/figcaption><\/figure><\/li><li class=\"mix IDENTIDADEVISUAL\"><figure><a class=\"plink\" href=\"https:\/\/tudicofusi.com\/?portfolios=cocodrila\" ><img loading=\"lazy\" decoding=\"async\" width=\"800\" height=\"800\" src=\"https:\/\/tudicofusi.com\/wp-content\/uploads\/croc_thumb.jpg\" class=\"attachment-large size-large wp-post-image\" alt=\"\" srcset=\"https:\/\/tudicofusi.com\/wp-content\/uploads\/croc_thumb.jpg 800w, https:\/\/tudicofusi.com\/wp-content\/uploads\/croc_thumb-433x433.jpg 433w\" sizes=\"auto, (max-width: 800px) 100vw, 800px\" \/><\/a><figcaption>Cocodrila<\/figcaption><\/figure><\/li><li class=\"mix IDENTIDADEVISUAL\"><figure><a class=\"plink\" href=\"https:\/\/tudicofusi.com\/?portfolios=pacco\" ><img loading=\"lazy\" decoding=\"async\" width=\"800\" height=\"800\" src=\"https:\/\/tudicofusi.com\/wp-content\/uploads\/pacco_thumb.jpg\" class=\"attachment-large size-large wp-post-image\" alt=\"\" srcset=\"https:\/\/tudicofusi.com\/wp-content\/uploads\/pacco_thumb.jpg 800w, https:\/\/tudicofusi.com\/wp-content\/uploads\/pacco_thumb-433x433.jpg 433w\" sizes=\"auto, (max-width: 800px) 100vw, 800px\" \/><\/a><figcaption>Pacco<\/figcaption><\/figure><\/li><li class=\"mix EVENTO IDENTIDADEVISUAL MATERIALGR\u00c1FICO\"><figure><a class=\"plink\" href=\"https:\/\/tudicofusi.com\/?portfolios=planmob-plano-de-mobilidade-urbana-es\" ><img loading=\"lazy\" decoding=\"async\" width=\"800\" height=\"800\" src=\"https:\/\/tudicofusi.com\/wp-content\/uploads\/planmob_thumb.jpg\" class=\"attachment-large size-large wp-post-image\" alt=\"\" srcset=\"https:\/\/tudicofusi.com\/wp-content\/uploads\/planmob_thumb.jpg 800w, https:\/\/tudicofusi.com\/wp-content\/uploads\/planmob_thumb-433x433.jpg 433w\" sizes=\"auto, (max-width: 800px) 100vw, 800px\" \/><\/a><figcaption>Planmob ES<\/figcaption><\/figure><\/li><li class=\"mix EMBALAGEM\"><figure><a class=\"plink\" href=\"https:\/\/tudicofusi.com\/?portfolios=do-vivo\" ><img loading=\"lazy\" decoding=\"async\" width=\"800\" height=\"800\" src=\"https:\/\/tudicofusi.com\/wp-content\/uploads\/dvv_thumb.jpg\" class=\"attachment-large size-large wp-post-image\" alt=\"\" srcset=\"https:\/\/tudicofusi.com\/wp-content\/uploads\/dvv_thumb.jpg 800w, https:\/\/tudicofusi.com\/wp-content\/uploads\/dvv_thumb-433x433.jpg 433w\" sizes=\"auto, (max-width: 800px) 100vw, 800px\" \/><\/a><figcaption>DoVivo<\/figcaption><\/figure><\/li><li class=\"mix M\u00daSICA\"><figure><a class=\"plink\" href=\"https:\/\/tudicofusi.com\/?portfolios=moxine\" ><img loading=\"lazy\" decoding=\"async\" width=\"800\" height=\"800\" src=\"https:\/\/tudicofusi.com\/wp-content\/uploads\/mox_thumb.jpg\" class=\"attachment-large size-large wp-post-image\" alt=\"\" srcset=\"https:\/\/tudicofusi.com\/wp-content\/uploads\/mox_thumb.jpg 800w, https:\/\/tudicofusi.com\/wp-content\/uploads\/mox_thumb-433x433.jpg 433w\" sizes=\"auto, (max-width: 800px) 100vw, 800px\" \/><\/a><figcaption>Moxine<\/figcaption><\/figure><\/li><li class=\"mix M\u00daSICA\"><figure><a class=\"plink\" href=\"https:\/\/tudicofusi.com\/?portfolios=ale-magalhaes-2\" ><img loading=\"lazy\" decoding=\"async\" width=\"800\" height=\"800\" src=\"https:\/\/tudicofusi.com\/wp-content\/uploads\/ale_thumb.jpg\" class=\"attachment-large size-large wp-post-image\" alt=\"\" srcset=\"https:\/\/tudicofusi.com\/wp-content\/uploads\/ale_thumb.jpg 800w, https:\/\/tudicofusi.com\/wp-content\/uploads\/ale_thumb-433x433.jpg 433w\" sizes=\"auto, (max-width: 800px) 100vw, 800px\" \/><\/a><figcaption>Al\u00ea Magalh\u00e3es<\/figcaption><\/figure><\/li><li class=\"mix M\u00daSICA\"><figure><a class=\"plink\" href=\"https:\/\/tudicofusi.com\/?portfolios=camila-maia\" ><img loading=\"lazy\" decoding=\"async\" width=\"800\" height=\"800\" src=\"https:\/\/tudicofusi.com\/wp-content\/uploads\/cm_thumb.jpg\" class=\"attachment-large size-large wp-post-image\" alt=\"\" srcset=\"https:\/\/tudicofusi.com\/wp-content\/uploads\/cm_thumb.jpg 800w, https:\/\/tudicofusi.com\/wp-content\/uploads\/cm_thumb-433x433.jpg 433w\" sizes=\"auto, (max-width: 800px) 100vw, 800px\" \/><\/a><figcaption>Camila Maia<\/figcaption><\/figure><\/li><li class=\"mix MATERIALGR\u00c1FICO\"><figure><a class=\"plink\" href=\"https:\/\/tudicofusi.com\/?portfolios=wewood\" ><img loading=\"lazy\" decoding=\"async\" width=\"800\" height=\"800\" src=\"https:\/\/tudicofusi.com\/wp-content\/uploads\/WW_thumb.jpg\" class=\"attachment-large size-large wp-post-image\" alt=\"\" srcset=\"https:\/\/tudicofusi.com\/wp-content\/uploads\/WW_thumb.jpg 800w, https:\/\/tudicofusi.com\/wp-content\/uploads\/WW_thumb-768x768.jpg 768w, https:\/\/tudicofusi.com\/wp-content\/uploads\/WW_thumb-433x433.jpg 433w\" sizes=\"auto, (max-width: 800px) 100vw, 800px\" \/><\/a><figcaption>WeWood<\/figcaption><\/figure><\/li><li class=\"mix APRESENTA\u00c7\u00d5ES BRANDING\"><figure><a class=\"plink\" href=\"https:\/\/tudicofusi.com\/?portfolios=lfb\" ><img loading=\"lazy\" decoding=\"async\" width=\"800\" height=\"800\" src=\"https:\/\/tudicofusi.com\/wp-content\/uploads\/LFB_thumb.jpg\" class=\"attachment-large size-large wp-post-image\" alt=\"\" srcset=\"https:\/\/tudicofusi.com\/wp-content\/uploads\/LFB_thumb.jpg 800w, https:\/\/tudicofusi.com\/wp-content\/uploads\/LFB_thumb-768x768.jpg 768w, https:\/\/tudicofusi.com\/wp-content\/uploads\/LFB_thumb-433x433.jpg 433w\" sizes=\"auto, (max-width: 800px) 100vw, 800px\" \/><\/a><figcaption>LFB<\/figcaption><\/figure><\/li><li class=\"mix IDENTIDADEVISUAL\"><figure><a class=\"plink\" href=\"https:\/\/tudicofusi.com\/?portfolios=upmix\" ><img loading=\"lazy\" decoding=\"async\" width=\"800\" height=\"800\" src=\"https:\/\/tudicofusi.com\/wp-content\/uploads\/up_thumb-1.jpg\" class=\"attachment-large size-large wp-post-image\" alt=\"\" srcset=\"https:\/\/tudicofusi.com\/wp-content\/uploads\/up_thumb-1.jpg 800w, https:\/\/tudicofusi.com\/wp-content\/uploads\/up_thumb-1-768x768.jpg 768w, https:\/\/tudicofusi.com\/wp-content\/uploads\/up_thumb-1-433x433.jpg 433w\" sizes=\"auto, (max-width: 800px) 100vw, 800px\" \/><\/a><figcaption>UpMix<\/figcaption><\/figure><\/li><\/ul><\/div><div class=\"grid\">\n","protected":false},"excerpt":{"rendered":"UPMIX Identidade Visual do estudio de \u00e1udio para cinema, TV, games e publicidade da amiga Bia Ambrogi, Toco e Bertran. Fizemos um happy hour\/ reuni\u00e3o na casa da Keila para entender o conceito, e como os meninos traduzem ideias em sons. Os tr\u00eas com muita bagagem, experi\u00eancias e hist\u00f3rias para contar, e a gente, feliz [...]","protected":false},"author":1,"featured_media":0,"parent":1512,"menu_order":2,"comment_status":"closed","ping_status":"open","template":"","meta":{"footnotes":""},"class_list":["post-4776","page","type-page","status-publish","hentry"],"_links":{"self":[{"href":"https:\/\/tudicofusi.com\/index.php?rest_route=\/wp\/v2\/pages\/4776","targetHints":{"allow":["GET"]}}],"collection":[{"href":"https:\/\/tudicofusi.com\/index.php?rest_route=\/wp\/v2\/pages"}],"about":[{"href":"https:\/\/tudicofusi.com\/index.php?rest_route=\/wp\/v2\/types\/page"}],"author":[{"embeddable":true,"href":"https:\/\/tudicofusi.com\/index.php?rest_route=\/wp\/v2\/users\/1"}],"replies":[{"embeddable":true,"href":"https:\/\/tudicofusi.com\/index.php?rest_route=%2Fwp%2Fv2%2Fcomments&post=4776"}],"version-history":[{"count":1,"href":"https:\/\/tudicofusi.com\/index.php?rest_route=\/wp\/v2\/pages\/4776\/revisions"}],"predecessor-version":[{"id":4777,"href":"https:\/\/tudicofusi.com\/index.php?rest_route=\/wp\/v2\/pages\/4776\/revisions\/4777"}],"up":[{"embeddable":true,"href":"https:\/\/tudicofusi.com\/index.php?rest_route=\/wp\/v2\/pages\/1512"}],"wp:attachment":[{"href":"https:\/\/tudicofusi.com\/index.php?rest_route=%2Fwp%2Fv2%2Fmedia&parent=4776"}],"curies":[{"name":"wp","href":"https:\/\/api.w.org\/{rel}","templated":true}]}}